{"id":236,"date":"2021-08-27T11:37:25","date_gmt":"2021-08-27T08:37:25","guid":{"rendered":"https:\/\/www.soilimaria.fi\/?page_id=236"},"modified":"2024-03-17T09:57:40","modified_gmt":"2024-03-17T07:57:40","slug":"koulutus","status":"publish","type":"page","link":"https:\/\/www.soilimaria.fi\/?page_id=236","title":{"rendered":"SELKOKIELI"},"content":{"rendered":"\n<p class=\"has-black-color has-text-color has-link-color wp-elements-98374786372e950c977d81523f2e3c23\"><span style=\"background-color:rgba(0, 0, 0, 0)\" class=\"has-inline-color has-black-color\">Selkokieli <\/span>on yhdenvertaisuuden ja demokratian kielt\u00e4<span style=\"background-color:rgba(0, 0, 0, 0)\" class=\"has-inline-color has-black-color\">.<\/span> <br>Selkokielt\u00e4 on vaivatonta lukea ja ymm\u00e4rt\u00e4\u00e4, <br>sill\u00e4 rakenteet, sis\u00e4lt\u00f6 ja sanasto ovat loogisia, harkittuja ja helppoja.<\/p>\n\n\n\n<p><mark style=\"background-color:rgba(0, 0, 0, 0)\" class=\"has-inline-color has-black-color\">Selkokielen tuottamista ei kuitenkaan <mark style=\"background-color:rgba(0, 0, 0, 0)\" class=\"has-inline-color has-black-color\">voi<\/mark> kuvata helpoksi teht\u00e4v\u00e4ksi.<br>Selkomukauttaminen vaatii hyv\u00e4\u00e4 suomen kielen taitoa:<\/mark><br><mark style=\"background-color:rgba(0, 0, 0, 0)\" class=\"has-inline-color has-black-color\">rakenteiden, tekstuaalisten piirteiden ja sanaston tuntemusta.<\/mark><br><mark style=\"background-color:rgba(0, 0, 0, 0)\" class=\"has-inline-color has-black-color\"><br>Selkomukauttaminen on monitasoinen teht\u00e4v\u00e4, <br>jonka kiistaton m\u00e4\u00e4r\u00e4v\u00e4 tekij\u00e4 on vastaanottaja.<br>Kyse on siis er\u00e4\u00e4nlaisesta kielen palvelumuotoilusta.<\/mark><\/p>\n\n\n\n<h2 class=\"wp-block-heading\"><span style=\"background-color:rgba(0, 0, 0, 0)\" class=\"has-inline-color has-black-color\">Tekstipalvelut<\/span><\/h2>\n\n\n\n<p><span style=\"background-color:rgba(0, 0, 0, 0)\" class=\"has-inline-color has-black-color\">Muokkaan tekstej\u00e4 selkokielen eri tasoille.<\/span><br><span style=\"background-color:rgba(0, 0, 0, 0)\" class=\"has-inline-color has-black-color\">Perustason selkokieli vastaa selkomittarin 96:ta kriteeri\u00e4.<\/span><\/p>\n\n\n\n<p><span style=\"background-color:rgba(0, 0, 0, 0)\" class=\"has-inline-color has-black-color\">Teksti voi olla esimerkiksi asiakas- tai potilasohje, <\/span><br><span style=\"background-color:rgba(0, 0, 0, 0)\" class=\"has-inline-color has-black-color\">ty\u00f6ohje, toimintaohje, <br>tiedote, selvitys tai raportti.<br>Sinun kohderyhm\u00e4si tarpeet ratkaisevat.<\/span><br> <span style=\"background-color:rgba(0, 0, 0, 0)\" class=\"has-inline-color has-black-color\"><br>Kun teksti muuttuu selkokieliseksi,<br>tarvitaan aiheen asiantuntijan <\/span><br><span style=\"background-color:rgba(0, 0, 0, 0)\" class=\"has-inline-color has-black-color\">ja kielen asiantuntijan saumatonta yhteisty\u00f6t\u00e4.<\/span><br><span style=\"background-color:rgba(0, 0, 0, 0)\" class=\"has-inline-color has-black-color\">Toteutan ty\u00f6n tiiviiss\u00e4 yhteisty\u00f6ss\u00e4 kanssasi  <br>ja kuuntelen asiasis\u00e4ll\u00f6n tuntemustasi.<\/span><\/p>\n\n\n\n<div class=\"wp-block-group\"><div class=\"wp-block-group__inner-container is-layout-constrained wp-block-group-is-layout-constrained\">\n<p><span style=\"background-color:rgba(0, 0, 0, 0)\" class=\"has-inline-color has-black-color\">Selkokielen tekstipalveluuni kuuluu <\/span><br><span style=\"background-color:rgba(0, 0, 0, 0)\" class=\"has-inline-color has-black-color\">selkomukauttamisen koko prosessi kaikkine ty\u00f6vaiheineen<\/span>:<\/p>\n\n\n\n<ul class=\"wp-block-list\">\n<li><span style=\"background-color:rgba(0, 0, 0, 0)\" class=\"has-inline-color has-black-color\">Tarkastelemme alkuper\u00e4isen tekstin yhdess\u00e4 ja kirkastamme tavoitteen.<\/span><\/li>\n\n\n\n<li><span style=\"background-color:rgba(0, 0, 0, 0)\" class=\"has-inline-color has-black-color\">Muokkaan tekstin selkokielelle kehityskierrosten kautta. <\/span><\/li>\n\n\n\n<li><span style=\"background-color:rgba(0, 0, 0, 0)\" class=\"has-inline-color has-black-color\">Hyv\u00e4ksyt lopullisen selkoehdotuksen ja tarkistat asiasis\u00e4ll\u00f6n. <\/span><\/li>\n\n\n\n<li><span style=\"background-color:rgba(0, 0, 0, 0)\" class=\"has-inline-color has-black-color\">Testaan selkotekstin lukijoilla, joille teksti on suunnattu, ja teen mahdolliset muutokset.<\/span><\/li>\n\n\n\n<li><mark style=\"background-color:rgba(0, 0, 0, 0)\" class=\"has-inline-color has-black-color\">Huolehdin, ett\u00e4 teksti\u00e4 voi lukea oikein my\u00f6s ruudunlukijalla: <\/mark><br><mark style=\"background-color:rgba(0, 0, 0, 0)\" class=\"has-inline-color has-black-color\">julkaisun pdf-tiedosto t\u00e4ytt\u00e4\u00e4 WCAG 2.1-vaatimukset <\/mark><br><mark style=\"background-color:rgba(0, 0, 0, 0)\" class=\"has-inline-color has-black-color\">ja l\u00e4p\u00e4isee ruudunlukutestin.<\/mark><\/li>\n\n\n\n<li><mark style=\"background-color:rgba(0, 0, 0, 0)\" class=\"has-inline-color has-black-color\">Haen tekstille Selkokeskuksen selkotunnuksen.<\/mark><br><br><mark style=\"background-color:rgba(0, 0, 0, 0)\" class=\"has-inline-color has-vivid-red-color\"><strong>T\u00e4rke\u00e4\u00e4! <\/strong><\/mark><br><mark style=\"background-color:rgba(0, 0, 0, 0)\" class=\"has-inline-color has-black-color\">Ole liikkeell\u00e4 hyviss\u00e4 ajoin ja varaa riitt\u00e4v\u00e4sti aikaa selkomukautusprosessiin.<br>Jos esimerkiksi projektissanne on tavoitteena tuottaa selkomateriaali,<br>olethan yhteydess\u00e4 jo suunnitteluvaiheessa,<br>ett\u00e4 aikataulu, sis\u00e4ll\u00f6ntuotanto ja tunnustarkistus voidaan sovittaa hyvin yhteen.<\/mark><\/li>\n<\/ul>\n<\/div><\/div>\n\n\n\n<p class=\"has-black-color has-text-color has-link-color wp-elements-f6426309ca0523277170684b8d44f1ca\">Aina l\u00e4ht\u00f6teksti ei ole yleiskielinen,<br>vaan tuotan tekstej\u00e4 my\u00f6s suoraan selkokielelle.<\/p>\n\n\n\n<p class=\"has-black-color has-text-color has-link-color wp-elements-9ac00cf961d1ea846fe5a532228b76c6\"><\/p>\n\n\n\n<p><\/p>\n\n\n\n<h2 class=\"wp-block-heading\"><span style=\"background-color:rgba(0, 0, 0, 0)\" class=\"has-inline-color has-black-color\">Koulutuspalvelut<\/span><\/h2>\n\n\n\n<p><span style=\"background-color:rgba(0, 0, 0, 0)\" class=\"has-inline-color has-black-color\">Koulutan sinut tai ryhm\u00e4si selkokielen osaajaksi.<br>Alasi voi olla mik\u00e4 tahansa, <\/span><br><span style=\"background-color:rgba(0, 0, 0, 0)\" class=\"has-inline-color has-black-color\">minun teht\u00e4v\u00e4ni on perehty\u00e4 sinun maailmaasi.<\/span><br><span style=\"background-color:rgba(0, 0, 0, 0)\" class=\"has-inline-color has-black-color\">Aikaisemmalla ty\u00f6urallani olen erityisesti perehtynyt<\/span><br><span style=\"background-color:rgba(0, 0, 0, 0)\" class=\"has-inline-color has-black-color\">sosiaali- ja terveysalaan sek\u00e4 suomen kieleen vieraana kielen\u00e4.<\/span><br><span style=\"background-color:rgba(0, 0, 0, 0)\" class=\"has-inline-color has-black-color\"><br>Koulutus voi olla <\/span><\/p>\n\n\n\n<ul class=\"wp-block-list\">\n<li><span style=\"background-color:rgba(0, 0, 0, 0)\" class=\"has-inline-color has-black-color\">yksitt\u00e4inen tietoisku jostakin selkokielen osa-alueesta<\/span><\/li>\n\n\n\n<li><span style=\"background-color:rgba(0, 0, 0, 0)\" class=\"has-inline-color has-black-color\">asiantuntijapuheenvuoro osana tiimip\u00e4iv\u00e4\u00e4<\/span><\/li>\n\n\n\n<li><span style=\"background-color:rgba(0, 0, 0, 0)\" class=\"has-inline-color has-black-color\">oman osaamisen kasvattamiseen t\u00e4ht\u00e4\u00e4v\u00e4 koulutussarja,<br>jossa tavoitteena on selkokielen k\u00e4yt\u00f6n oppiminen<\/span><\/li>\n\n\n\n<li><mark style=\"background-color:rgba(0, 0, 0, 0)\" class=\"has-inline-color has-black-color\">selkokielen yksityisopetusta l\u00e4hi- tai et\u00e4opetuksena.<\/mark><\/li>\n<\/ul>\n\n\n\n<p><span style=\"background-color:rgba(0, 0, 0, 0)\" class=\"has-inline-color has-black-color\">Koulutuksen muoto voi olla l\u00e4hikurssi, konsultaatio, ty\u00f6paja, harjoituskurssi,<br>et\u00e4koulutus, webinaari, s\u00e4hk\u00f6inen ty\u00f6skentelyalusta tai podcast-sarja.<\/span><br><span style=\"background-color:rgba(0, 0, 0, 0)\" class=\"has-inline-color has-black-color\">Koulutus voi olla my\u00f6s yhdistelm\u00e4 erilaisista elementeist\u00e4.<\/span><\/p>\n\n\n\n<p><span style=\"background-color:rgba(0, 0, 0, 0)\" class=\"has-inline-color has-black-color\">Tarvitsetko jotain muuta selkokieleen liittyv\u00e4\u00e4 tai onko sinulla villi idea? <br>Ota yhteytt\u00e4, niin luodaan yhdess\u00e4 jotakin tuoretta!<\/span><\/p>\n","protected":false},"excerpt":{"rendered":"<p>Selkokieli on yhdenvertaisuuden ja demokratian kielt\u00e4. Selkokielt\u00e4 on vaivatonta lukea ja ymm\u00e4rt\u00e4\u00e4, sill\u00e4 rakenteet, sis\u00e4lt\u00f6 ja sanasto ovat loogisia, harkittuja ja helppoja. Selkokielen tuottamista ei kuitenkaan voi kuvata helpoksi teht\u00e4v\u00e4ksi.Selkomukauttaminen vaatii hyv\u00e4\u00e4 suomen kielen taitoa:rakenteiden, tekstuaalisten piirteiden ja sanaston tuntemusta.Selkomukauttaminen on monitasoinen teht\u00e4v\u00e4, jonka kiistaton &hellip; <a href=\"https:\/\/www.soilimaria.fi\/?page_id=236\" class=\"more-link\"><span>Continue reading<span class=\"screen-reader-text\">SELKOKIELI<\/span><\/span><\/a><\/p>\n","protected":false},"author":1,"featured_media":0,"parent":0,"menu_order":0,"comment_status":"closed","ping_status":"closed","template":"","meta":{"footnotes":""},"class_list":["post-236","page","type-page","status-publish","hentry"],"_links":{"self":[{"href":"https:\/\/www.soilimaria.fi\/index.php?rest_route=\/wp\/v2\/pages\/236","targetHints":{"allow":["GET"]}}],"collection":[{"href":"https:\/\/www.soilimaria.fi\/index.php?rest_route=\/wp\/v2\/pages"}],"about":[{"href":"https:\/\/www.soilimaria.fi\/index.php?rest_route=\/wp\/v2\/types\/page"}],"author":[{"embeddable":true,"href":"https:\/\/www.soilimaria.fi\/index.php?rest_route=\/wp\/v2\/users\/1"}],"replies":[{"embeddable":true,"href":"https:\/\/www.soilimaria.fi\/index.php?rest_route=%2Fwp%2Fv2%2Fcomments&post=236"}],"version-history":[{"count":105,"href":"https:\/\/www.soilimaria.fi\/index.php?rest_route=\/wp\/v2\/pages\/236\/revisions"}],"predecessor-version":[{"id":950,"href":"https:\/\/www.soilimaria.fi\/index.php?rest_route=\/wp\/v2\/pages\/236\/revisions\/950"}],"wp:attachment":[{"href":"https:\/\/www.soilimaria.fi\/index.php?rest_route=%2Fwp%2Fv2%2Fmedia&parent=236"}],"curies":[{"name":"wp","href":"https:\/\/api.w.org\/{rel}","templated":true}]}}